 - 2*p + t*i - 37, -p + 40 = i. What is the units digit of p?
1
Let u be 0*(-4)/16 + (0 - -2). Suppose 1 = p - 2*h, -2*p = h - u*h - 8. Let i(m) = -m**3 + 7*m**2 + 5*m - 1. What is the units digit of i(p)?
4
Let v = 7 + 17. Let m be 0 + 5/(20/v). What is the units digit of 112/m*27/12?
2
Suppose 15*z + 10 + 5 = 0. Let l(u) = -551*u**3 + u**2 - 4*u - 3. What is the units digit of l(z)?
3
Let i be -3*((-1)/(-8))/(24/64). What is the hundreds digit of 66*40/8 - i?
3
Suppose -145*p - 46404 = -174*p + 223615. What is the hundreds digit of p?
3
Let w(p) = 76*p**3 - 2*p + 1. Let k be w(2). Let s = -498 + k. What is the units digit of s?
7
Suppose -26 - 38 = -8*b. Suppose b = -5*v + 3, v = -2*p + 817. What is the units digit of p?
9
Suppose 46734 = 2*v + 4*u, 0 = 4*v - 0*u + 2*u - 93426. What is the thousands digit of v?
3
Let w(i) = -i + 2. Let o be w(2). Suppose -2*s - 2*r - 62 = 3*r, 5*s - r + 101 = o. What is the units digit of (60/s)/((-14)/245)?
0
Suppose 26*z - 31*z + 25 = 0. Suppose 10*b = z*b + y + 13, 3*y = -5*b + 1. What is the tens digit of (-128)/(-12)*(7 + b)?
9
Suppose -4*a + 10*a + 156 = 0. Let v(u) = -13*u + 86. What is the hundreds digit of v(a)?
4
What is the thousands digit of (-77579)/69*2/(-2)*3?
3
Let w(y) = y**2 + 2*y - 7*y + 208 + 8*y + 0*y. What is the tens digit of w(0)?
0
Let m = -45 - -49. Suppose 5*c - m*o + 2*o = 148, c + 5*o - 35 = 0. Suppose -70 = 25*y - c*y. What is the tens digit of y?
1
Suppose -o - 10 = -3*o. Suppose -3*v - q - 11 = 17, 0 = o*q + 20. What is the units digit of ((-210)/(-20))/((-6)/v)?
4
Let w(j) = j**3 - 5*j**2 + 4*j - 20. Let f be w(7). Let i = 121 - f. What is the units digit of i?
5
Let o(f) = 3*f - 5. Let x be o(2). Suppose -4*c = -v - 10, v - x = -2*c + 7. Suppose 3*k = -3*d + 318, -2*d + d - 302 = -c*k. What is the units digit of k?
2
Suppose -3*w = -f - 18, 3*w = -f + 23 + 1. Suppose -8*y + 705 = -w*y. What is the units digit of y?
5
Suppose -66*w = -63*w - 5*c - 8753, -2*w - c = -5818. What is the hundreds digit of w?
9
Suppose 0*k - 2*k + 5*r + 71 = 0, 2*k = -r + 65. What is the tens digit of -1 + -3 + 33231/k?
0
Suppose -93236 = 133*z - 144*z. What is the units digit of z?
6
Let t(w) = 2*w + 1899. Let y be t(0). Let f = 77 - 48. Suppose -38*l + y = -f*l. What is the hundreds digit of l?
2
Let d = -7 - -14. Let i(f) be the first derivative of -f**4/4 + 10*f**3/3 - 15*f**2/2 - 8*f - 28. What is the units digit of i(d)?
4
Suppose 0 = -5*b + 3*b + 4. Let h(g) = -g - 6*g**2 + g**b + 7*g**2 - 14 - g**2. What is the units digit of h(-6)?
8
Suppose -140 = -4*f - 116. Let k(z) = 19*z + 69. What is the units digit of k(f)?
3
Let g(w) = -48*w - 1. Let o be g(4). Let v = o - -454. What is the hundreds digit of v?
2
Let n = -309 + 528. Suppose f - 2*f + t + n = 0, 0 = 2*f + 5*t - 417. What is the tens digit of f?
1
What is the tens digit of ((-471)/6 - 0)*(40 + -52)?
4
Let w(s) be the second derivative of s**5/20 - s**4/12 + s**3/6 - 13*s**2/2 - 6*s. Let q be w(0). What is the units digit of 0 + 70 - (q + 9)?
4
Suppose -a = a - 4. Let t(i) = -77*i**2 + 16*i - 3*i - 1 + 79*i**a. What is the units digit of t(7)?
8
Suppose v - 286 + 275 = 0. Let z = 13 - v. What is the tens digit of 1994/18 + z + 10/45?
1
Let j(m) = m**2 + 3*m - 5. Suppose 4*d + 13 = -3*f + 2*f, -5*d - 11 = 3*f. What is the tens digit of j(f)?
1
Let w = 138581 - 73486. What is the hundreds digit of w?
0
Let u = 18 + -8. Let c = 304 + u. What is the units digit of c?
4
Let x = 11826 + -5483. What is the units digit of x?
3
Suppose -218 + 45 = -2*o + 3*q, -260 = -3*o + 4*q. What is the tens digit of 27/(0 - (-4)/o)?
9
Let r = 3506 - 3406. What is the tens digit of r?
0
Let j be 14 + 30 - (4 - 2). Let f = -25 + j. What is the units digit of f?
7
Let r = -2841 - -2004. Let k = r - -1711. Suppose 6*d + 3*b - k = 2*d, -d + 215 = -b. What is the hundreds digit of d?
2
What is the tens digit of 1*(6 + 9537) + 11?
5
Suppose 0 = 7*r - 11*r - 2040. What is the units digit of (-1)/(-2*(-3)/r)?
5
Let w(l) = -2882*l - 7706. What is the ten thousands digit of w(-12)?
2
Let p(z) = 1. Let t(b) = -b + 3 + 0*b + 3*b - 5*b. Let h(o) = -5*p(o) + t(o). What is the units digit of h(-3)?
7
Suppose 9*m - 6 = 6*m. Suppose p - 4*b - 332 = 311, -m*p + 1277 = -5*b. What is the tens digit of p?
3
Let t be 1/1*25/(-15)*3. Let q(a) = -8 + 5 - a - 14*a - 8. What is the tens digit of q(t)?
6
Let u be 1 + -3 + (-14 - -20). Suppose -u*m - 2*s = 24, 2*m - 2 = -5*s - 6. Let k(i) = i**2 - 6*i + 3. What is the tens digit of k(m)?
9
Suppose 4*s + 8 = 0, -2*k - 5*s = k + 64. Let g = 22 + k. Suppose 0 = -5*b + 10, 3*d + g*b - 326 + 54 = 0. What is the units digit of d?
8
Let v(k) = 9937*k**2 - 524*k + 1044. What is the tens digit of v(2)?
4
What is the hundreds digit of (14 + -1446)*(-39)/8?
9
Suppose -39*s + 60*s = -4028 + 100229. What is the hundreds digit of s?
5
What is the thousands digit of 0 + 1 - (-54348 - 23)?
4
Suppose v = 3*x + 200, 285 = -4*x - 2*v + 7*v. Let m = 767 + x. What is the tens digit of m?
0
Suppose -2*r + 82 = -v, -2*r + 29 = 5*v - 29. Let q be ((-446)/3)/((-26)/r). Let s = -137 + q. What is the units digit of s?
6
Suppose -15 = 5*g, 2*g - 936 = 3*d + 5*g. Suppose 0 = -347*s + 408*s - 1098. What is the tens digit of (3 + (-42)/s)/((-1)/d)?
0
Suppose -5*h = 3*j - 28548, -190 = h + 2*j - 5894. What is the thousands digit of h?
5
Let c(w) = 63*w**2 + 5*w - 12. Suppose 3*a = 4*r - 4, 3*r - 30 + 2 = -4*a. What is the hundreds digit of c(r)?
0
Suppose 2*l = 3*j - 23410, 83*l - 7822 = -j + 81*l. What is the units digit of j?
8
Let o(c) = -c**3 + 3*c**2 + 7*c - 12. Let b be o(2). What is the hundreds digit of (-12)/b - (-1096 - -3)?
0
Let m be ((-1)/1)/(29/(-7) - -4). Suppose -4*l = 4*w - m*w - 11, 4*w - 37 = -5*l. Suppose c + c = -s + 46, l*s - 14 = -c. What is the tens digit of c?
2
Let k(r) = -r**2 - r + 20. Let c be k(-5). Suppose 4*a - 412 = z + 271, 5*a - 2*z - 853 = c. What is the tens digit of a?
7
Let h = -18281 - -38601. What is the tens digit of h?
2
Suppose -68*r + 67*r - 3*q + 15370 = 0, -3*r + 46174 = q. What is the hundreds digit of r?
3
Suppose -176 = 4*x - 2744. Let h = x - 304. What is the units digit of h?
8
Let i = 55153 + -39338. What is the thousands digit of i?
5
Let k(z) = z**2 - 6*z + 9. Let o be k(2). Let b be o/2*0/4 + 23. What is the units digit of (-14)/7*b*2/(-4)?
3
Let k = -278 - -296. Suppose 7563 = k*d - 2805. What is the tens digit of d?
7
Suppose -92241 - 28660 = -5*z + 3*m, 3*m = 24. What is the thousands digit of z?
4
Let n(q) = q**3 + 8*q**2 - 23*q - 14. Let a be n(-10). Suppose -a*t - 72 = -12*t. Let i = t - -20. What is the units digit of i?
2
Let m(l) = 48*l - 12. Let t(d) = -d**2 + 10*d - 14. Let g be t(3). Let z be m(g). Suppose 2*f = 4*h + 136, -3*f + h - 95 = -z. What is the tens digit of f?
7
Let f(i) = -2*i**3 - 10*i**2 + 7*i + 3. Let j be f(-10). Suppose -7*d + j + 481 = 0. What is the units digit of d?
2
Suppose 5*a - 22 = q, 2*q + 2 = q + a. Suppose -4*m = 4*h - 856, 0 = q*m + 5*h - 664 + 28. What is the hundreds digit of m?
2
Let b = -2244 + 12460. What is the hundreds digit of b?
2
What is the units digit of ((-1 - 0) + -28)/(237525/(-6090) + 39)?
4
Suppose 2*j + 2*n + 2*n - 19210 = 0, -3*n = -j + 9640. What is the thousands digit of j?
9
Let h(v) = -v**3 - v**2 + 6*v + 7. Let s = -45 - -41. Let d be h(s). Let w = 54 + d. What is the tens digit of w?
8
Let b be 3/(-6 - -3)*(0 - 2). Suppose 416 = 3*h - 5*g, -5*h + b*g = 6*g - 718. What is the hundreds digit of h?
1
Suppose b + 252 - 258 = 0. Suppose -172 = b*y - 6214. What is the thousands digit of y?
1
Let r be 107 + (-3 + 3 - 0). Suppose c - 3*l = r, -6*c = -8*c - 5*l + 236. Let p = 387 - c. What is the units digit of p?
4
Let b be (-4)/16 + 489/4. Let m = -6 + b. What is the tens digit of m?
1
Suppose -3*p - p = -12. Let z(r) = r**2 + 6*r - 9. Let o be z(p). Suppose -x = -113 - o. What is the hundreds digit of x?
1
Let g(k) = 389*k - 417. What is the hundreds digit of g(13)?
6
Suppose 2560 = 50*n - 34*n. What is the tens digit of n?
6
Let n(t) = 21*t + 254. Let g be n(-12). Suppose -25*z + 22*z = -3*c - 30, -g*c + 40 = 4*z. What is the tens digit of z?
1
Suppose k - 119 - 72 = 0. Suppose -j - 5*s + k = -82, -2*s = -4*j + 1180. What is the hundreds digit of